f f and 70.
14
Suppose 51 = -3*n + 159. What is the greatest common divisor of n and 24?
12
Suppose -x - 59 = 3*j - 4*j, 0 = j + 3*x - 43. Suppose p - 4*p + 12 = 0. Suppose i = p*m + 2 + 15, 2*m - 4 = -2*i. What is the highest common factor of i and j?
5
Suppose 3*w = 3*f + 69, 5*w + 2*f - 75 - 12 = 0. Suppose -5*i = -530 - 230. What is the highest common factor of i and w?
19
Let c = -3 - 31. Let r = 48 + c. Let f(j) = 113*j - 1. Let m be f(1). What is the highest common divisor of m and r?
14
Suppose -5*b = 0, 0 = 5*z + b - 298 - 197. What is the highest common divisor of z and 11?
11
Let z(o) = -o**2 + 5. Let w be z(-4). Let u be 4/(-22) - 68/w. Suppose 20 = -u*a + 10*a. What is the greatest common factor of a and 30?
5
Let r be -1*2/(4/2). Let h = 32 - r. Suppose 0 = -n - 3*n + 88. Calculate the highest common divisor of n and h.
11
Let b(a) = -2*a - 15. Let n be b(-13). Calculate the greatest common divisor of n and 44.
11
Suppose 0 = 3*c + 572 + 712. Let m = -164 - c. Suppose 9*u = 14*u - 120. What is the greatest common divisor of m and u?
24
Suppose 3*t - 461 - 655 = 0. Calculate the greatest common factor of t and 12.
12
Suppose -13 = q + 3*y, 11 + 0 = -2*q - 3*y. What is the greatest common factor of q and 2?
2
Let t(n) = 4*n - 3 + 1 - n - 5*n. Let o be t(-7). Calculate the greatest common divisor of o and 18.
6
Suppose -w = 4*a + 42, -4*a - 38 = 2*w + 6. Let i be (45/a)/(2/(-4)). Calculate the highest common factor of i and 9.
9
Suppose -c - 21 = -2*c. Let i(f) = -2*f - 13. Suppose 5*s - 24 - 11 = 5*b, 0 = -b - 5*s - 25. Let o be i(b). What is the highest common divisor of o and c?
7
Suppose -6*j + 4*j = -3*q - 41, -5*q + 49 = 4*j. Let g be j + (-1 - -5)/(-2). What is the highest common factor of 2 and g?
2
Let y = 56 - 45. Calculate the greatest common factor of y and 209.
11
Let s be 3 + 2 + 4*7. Calculate the greatest common factor of s and 77.
11
Let c be (9/(-2))/((-7)/14). Let k(z) = -z + 2. Let d be k(-7). Calculate the highest common divisor of d and c.
9
Suppose x = 4*v - 0*x - 244, 5*v = x + 304. What is the highest common divisor of v and 90?
30
Let b be 46 + (-4)/((-2)/5*-5). What is the highest common divisor of b and 110?
22
Suppose u = 33 + 24. Calculate the greatest common factor of 3 and u.
3
Let c(f) = 10*f + 7*f - 5*f. Let p be (-1)/(-2) - (-1)/2. Let l be c(p). Calculate the greatest common divisor of l and 132.
12
Let f(m) = 6*m**2 - 3*m + 3. Let t be f(-3). Suppose 3*i - 183 = -3*r - i, t = r + 3*i. Calculate the highest common divisor of 19 and r.
19
Let r(p) = 2*p + 1. Let k be r(5). Calculate the highest common factor of k and 11.
11
Suppose -4*n + z + 57 - 9 = 0, -29 = -n - 4*z. Let s = -9 + n. Calculate the greatest common factor of 44 and s.
4
Let u(f) = -4*f + 5 + 5*f + 0*f. Let a be u(-4). What is the highest common divisor of a and 1?
1
Let h be ((-5)/(-3))/((-9)/(-108)). Calculate the greatest common factor of 60 and h.
20
Let x(p) = 3*p - 10. Let t be x(8). Let r be 1/4 - 45/(-12). Suppose -j - j + 2*c = -t, 0 = -r*c - 4. Calculate the highest common divisor of 6 and j.
6
Suppose 2*o = -2 - 2. Let k(y) = -48*y - 1. Let v be k(o). Suppose -2*t + 365 = v. Calculate the greatest common factor of t and 15.
15
Let i(z) = z**3 - 2*z**2 + 2*z. Let m be i(2). What is the greatest common factor of m and 28?
4
Suppose 177 = n - 73. What is the greatest common factor of n and 50?
50
Let l = -4 - 3. Let v = l + 11. Suppose v = -3*a + 25. What is the highest common factor of 35 and a?
7
Suppose -2*k = -k - 1. Let v(o) = o**3 - 11*o**2 + o. Let y be v(11). What is the greatest common divisor of k and y?
1
Let j = -166 - -168. Calculate the highest common divisor of 4 and j.
2
Let h = 0 + 4. Let c be 2/h*22/1. What is the highest common divisor of 33 and c?
11
Let z(j) = j**3 - 5*j**2 - 3*j - 2. Let r be z(-5). Let x be -5*(r/15 - 1). Calculate the highest common divisor of 21 and x.
21
Suppose -1 = -r + b, 0 = r - 3*b - b - 1. What is the greatest common divisor of r and 7?
1
Let l = -7 + 7. Suppose -3*a + 5*a + 18 = l. Let x = 10 - a. Calculate the greatest common factor of 209 and x.
19
Let k(b) = -3*b**3 - b**2 - b - 1. Let f be k(-1). Let w = -4 + 1. Let j be 0 + -1 - (w - 3). Calculate the highest common divisor of f and j.
1
Let h be -2 - (-5 + (-2 - 0)). Suppose 10*z - 5*z - 3*q = 209, h*z - 2*q = 206. What is the greatest common factor of 8 and z?
8
Let c = 377 + -668. Let h = 410 + c. Calculate the highest common divisor of 17 and h.
17
Let t be 15*((-15)/(-5) + 5/(-3)). What is the highest common factor of 5 and t?
5
Let v be (-24)/42 - (-886)/7. Let l be (-165)/(-12) + 2/8. What is the highest common divisor of l and v?
14
Suppose -5*j + 24 = -3*j - 4*u, u = 4*j - 41. Calculate the greatest common divisor of j and 2.
2
Let q = 89 - 23. Calculate the greatest common factor of q and 6.
6
Suppose t + 0*d - 136 = 4*d, 376 = 3*t + 4*d. Suppose m = -3*m + t. Let a(g) = g**2 - 6*g + 4. Let v be a(6). What is the greatest common factor of m and v?
4
Suppose 5*j + 9 - 44 = 0. Calculate the greatest common factor of j and 21.
7
Let s be 38/(-1) - (1 + -1). Let k be (s + 3)/(-1*1). Calculate the greatest common factor of k and 14.
7
Suppose -11*t - 18 = -8*t. Let b be (t/4)/(6/(-8)). What is the highest common factor of b and 22?
2
Suppose -2 = q, 5*d - 2*q - 121 = -17. Let m be 1/(-2) - (-6)/4. Let v be m - 2 - (-2 + -9). Calculate the greatest common divisor of v and d.
10
Let k = -3 + 0. Let h be k/(-2)*(21 - 1). What is the greatest common factor of h and 20?
10
Let c = -12 - -12. Suppose 16 = b + 5*x, -5*b + c*b + 3*x - 4 = 0. Calculate the highest common factor of b and 9.
1
Let j(w) = 8*w + 4. Let o be j(4). Let k = 3 - -2. Let r(u) = 2*u + 2. Let c be r(k). Calculate the greatest common factor of c and o.
12
Let q(n) = 16*n - 1. Suppose 5*g + 5*y - 3*y = -15, 25 = -5*y. Let z be q(g). Let o = 32 + z. Calculate the highest common divisor of 75 and o.
15
Suppose -564 = -2*z + 3*p, 268 = z + p + p. Let b = z - 186. Calculate the greatest common divisor of b and 36.
18
Let x be (0 - -1)/((-1)/1). Let f be ((-4)/(-3) - 0)*-3. Let l be (x + f + 2)*-8. What is the greatest common divisor of l and 6?
6
Let c(t) be the second derivative of -13*t**3/6 + 5*t**2/2 + 4*t. Let n be c(-3). Calculate the highest common factor of 22 and n.
22
Suppose 0 = b + 5*a - 36, 1 = a - 4. Let g be (-4)/10 - 968/(-20). Suppose -d - z = -0*d - 21, 2*d - g = 4*z. Calculate the greatest common factor of d and b.
11
Let r = -9 - -17. Let t(c) = c**2 - 6*c - 9. Let n be t(r). What is the greatest common divisor of 7 and n?
7
Suppose 0*f + 4*f - 16 = 0. Suppose 17 = -2*z + 7, -f*t - 2 = -2*z. Let n(b) = -5*b. Let q be n(t). What is the greatest common factor of 105 and q?
15
Let a(m) = -m**2 + 7*m. Let x be a(6). What is the greatest common factor of x and 24?
6
Let a(z) = z**3 + 4*z**2 - 2*z - 6. Let u be a(-4). Suppose -u*h - 2*g - 6 + 66 = 0, 0 = 3*g - 6. Calculate the highest common factor of 4 and h.
4
Suppose 4*q = -8*i + 7*i + 400, 4*i = -5*q + 1578. Calculate the highest common factor of i and 49.
49
Let v(u) = -1. Let q(y) = -5*y. Let l(i) = q(i) + 4*v(i). Let d be l(-4). Calculate the highest common divisor of 2 and d.
2
Suppose 5*x - 12 = 8. Suppose -3*d = -x*d + 27. What is the highest common divisor of d and 18?
9
Let p(z) = z**2 - 3. Let h be p(-3). Let i(m) be the first derivative of m**2 - 9*m - 4. Let a be i(h). What is the highest common divisor of 3 and a?
3
Let b be 86 - (-3)/(-3)*-2. Let l(x) = 3*x + 2. Let k be l(2). What is the highest common factor of b and k?
8
Suppose 3*r + 10 = g, 0*g - g - 2*r = -5. Let y(f) = f - 5. Let o be y(10). Suppose 0 = -o*v - 0*v + 5. What is the greatest common divisor of g and v?
1
Suppose -51 - 69 = -5*l. Calculate the greatest common factor of l and 6.
6
Suppose -5*x + 157 = j, 4*j + 41 = 3*x - 67. Suppose 4*s = -3*y + 79, 7*y = -2*s + 4*y + 47. Calculate the highest common divisor of s and x.
16
Suppose 3*n + 2*i = 4*n + 3, i = -1. Let b be 5/(3 + 14/n). Calculate the highest common factor of 5 and b.
5
Let d(y) = 8*y + 7. Let s be d(7). Calculate the greatest common factor of s and 7.
7
Let y be 72/16 - (-1)/2. Let n be ((-4)/y)/(4/(-90)). What is the highest common factor of